**2 - 425*w + 317. Calculate n(110).
1967
Let r(w) = -5014*w**2 - 2459*w - 2456. Determine r(-1).
-5011
Let o(p) = 589*p + 52898. What is o(-90)?
-112
Let a(l) = 10*l**3 - 3*l**2 + 175*l - 248. What is a(7)?
4260
Let g(v) = -888*v**3 + v**2 - 803*v - 805. Calculate g(-1).
887
Let g(m) = 2*m**2 - 1133*m + 60780. Determine g(60).
0
Let q(y) = -y**3 + 2312*y**2 + 34904*y - 8. Determine q(-15).
7
Let r(x) = 10680*x - 85369. Give r(8).
71
Let v(r) = 13*r**2 - 967*r - 4893. Give v(79).
-153
Let d(h) = 304*h**2 - 2009*h - 833. Calculate d(7).
0
Let c(g) = -2811*g - 42237. Calculate c(-15).
-72
Let a(f) = -143*f - 9499. Give a(-67).
82
Let i(u) = 92*u**2 - 11152*u - 34291. What is i(-3)?
-7
Let x(i) = -2*i**3 - 4993*i**2 - 74439*i + 85. Determine x(-15).
-5
Let a(y) = -y**3 + 30*y**2 + 379*y - 9640. Give a(16).
8
Let b(i) = 34701*i + 68941. Give b(-2).
-461
Let z(x) = -8*x**3 + 219*x**2 - 295*x + 179. Determine z(26).
-55
Let z(w) = -462*w - 180947. Determine z(-392).
157
Let i(o) = -969*o**3 + 571*o**2 + 575*o + 5. Calculate i(-1).
970
Let t(m) = 6485*m - 7665273. What is t(1182)?
-3
Let b(l) = -3*l**2 + 803*l - 19699. What is b(27)?
-205
Let q(n) = -8*n**2 - 696*n - 14827. Determine q(-50).
-27
Let o(p) = 3266*p - 2214352. What is o(678)?
-4
Let i(z) = -1859*z + 230488. What is i(124)?
-28
Let i(y) = -y**3 + 13*y**2 - 595*y + 5222. What is i(9)?
191
Let j(g) = -14870*g - 89192. Determine j(-6).
28
Let q(g) = 11384*g + 523676. What is q(-46)?
12
Let j(o) = 23151*o - 717702. Calculate j(31).
-21
Let m(x) = 2*x**3 - 88*x**2 + 328*x + 198. What is m(40)?
518
Let x(r) = r**3 - 109*r**2 + 107*r - 11619. What is x(109)?
44
Let a(g) = -5*g**3 - 600*g**2 - g + 585. What is a(-120)?
705
Let u(s) = -s**2 + 16890*s - 202616. What is u(12)?
-80
Let p(y) = -y**2 - 344*y - 14907. Determine p(-51).
36
Let q(a) = -33*a**2 + 4339*a - 2202. Determine q(131).
-106
Let p(y) = -401*y**2 - 159*y - 159. Determine p(-1).
-401
Let y(m) = -2*m**3 + 15*m**2 + 131*m + 18. Calculate y(-5).
-12
Let g(f) = -4*f**3 - 1341*f**2 + 3750*f + 10804. Calculate g(-338).
-12
Let j(k) = k**2 + 2431*k + 64900. What is j(-27)?
-8
Let z(k) = -22*k**3 - 3*k**2 + 135*k + 136. What is z(-1)?
20
Let c(s) = -11*s**3 - 75*s**2 + 23*s + 30. Calculate c(-7).
-33
Let q(w) = -w**2 + 103*w - 4110. Determine q(82).
-2388
Let k(a) = 6256*a + 2152061. What is k(-344)?
-3
Let g(j) = -175205*j - 175197. Give g(-1).
8
Let k(z) = -19*z**3 - 16*z**2 + 376*z + 1576. What is k(-4)?
1032
Let k(w) = 16366*w + 147314. Calculate k(-9).
20
Let j(q) = 2*q**2 - 54*q + 6. What is j(26)?
-46
Let i(k) = -5406*k + 80112. Calculate i(15).
-978
Let m(s) = -1017*s**2 - 294929*s + 294. What is m(-290)?
4
Let d(c) = c**2 - 149*c + 1375. Calculate d(126).
-1523
Let l(d) = -167*d**2 - 7652*d + 1353. Determine l(-46).
-27
Let n(t) = 9267*t + 166766. Determine n(-18).
-40
Let q(c) = -c**3 - 2*c**2 - 3*c + 124. Calculate q(7).
-338
Let z(w) = -5*w**3 + w**2 - 83*w + 369. Give z(5).
-646
Let c(y) = 27*y**2 + 2253*y - 5929. Determine c(-86).
5
Let x(w) = -555*w**2 + 3453*w - 684. Determine x(6).
54
Let i(l) = l**3 + 219*l**2 - 394*l + 9281. Determine i(-221).
-1327
Let o(y) = -y**3 - 12*y**2 - 738*y - 9828. Give o(-13).
-65
Let w(h) = 24*h**2 + 5*h - 36. Calculate w(-5).
539
Let s(m) = 13*m - 401. Calculate s(36).
67
Let t(j) = 3*j**2 + 176*j - 447. Determine t(-64).
577
Let t(y) = 2*y**3 + 54*y**2 - 340*y + 102. Determine t(5).
2
Let b(t) = -4*t**2 - 331*t + 1994. Give b(-87).
515
Let j(t) = 11*t**2 + 34*t - 554. Give j(10).
886
Let v(q) = 6210385*q + 31051916. Determine v(-5).
-9
Let m(c) = -c**3 + 219*c**2 + 218*c - 357. Determine m(220).
-797
Let w(q) = 470*q - 41890. Give w(87).
-1000
Let n(y) = 3*y**2 - 1085*y - 26537. What is n(-23)?
5
Let p(l) = -l**3 + 32*l**2 + 80*l - 556. What is p(-5)?
-31
Let b(q) = -2*q**3 + 38*q**2 - 67*q - 11. Determine b(16).
453
Let t(b) = b**3 - 115*b**2 + 1754*b - 880. Calculate t(97).
-104
Let q(m) = 21757*m + 3045986. What is q(-140)?
6
Let v(y) = -30*y**2 - 790*y - 281. Calculate v(-26).
-21
Let n(d) = -104*d + 16331. Determine n(157).
3
Let c(f) = -3*f + 102. What is c(16)?
54
Let h(k) = -2943*k - 95162. Determine h(-34).
4900
Let o(b) = -24*b**2 - 5155*b + 1081. Determine o(-215).
6
Let l(s) = s**3 + 25334*s**2 - 152021*s - 94. What is l(6)?
20
Let r(o) = 32*o**2 + 585*o - 586. Calculate r(1).
31
Let v(x) = 4*x**2 - 250*x + 1947. Determine v(54).
111
Let s(v) = -140*v**2 - 1358*v - 15. Calculate s(-10).
-435
Let s(k) = 41*k**2 + 1606*k - 8031. Give s(5).
1024
Let k(i) = -833*i + 70113. Calculate k(84).
141
Let s(w) = 7*w**3 + 13*w**2 + 58*w + 111. Determine s(-5).
-729
Let x(i) = 2*i**3 - 500*i**2 - 57*i + 14242. Determine x(250).
-8
Let f(x) = -x**2 - 917446*x + 2752340. Determine f(3).
-7
Let r(p) = -4510*p + 18179. Give r(4).
139
Let w(b) = 2*b**3 - 108*b**2 + 1221*b - 9. Determine w(13).
2006
Let k(y) = 1186*y + 85292. What is k(-74)?
-2472
Let z(l) = -l**3 + 43*l**2 - 6*l - 60. Give z(43).
-318
Let j(z) = z**2 - 74*z + 969. What is j(47)?
-300
Let f(j) = j**3 - 20*j**2 - 13*j + 4. Calculate f(2).
-94
Let h(g) = -8*g**2 - 18996*g - 56960. What is h(-3)?
-44
Let z(o) = o**2 + 59100*o - 709337. What is z(12)?
7
Let k(z) = 2*z**2 - 2415*z - 64136. Calculate k(-26).
6
Let h(l) = 2*l**3 - 59*l**2 + 116*l + 536. Calculate h(27).
23
Let w(s) = s**3 - 52*s**2 + 202*s - 771. Calculate w(48).
-291
Let b(n) = 130*n**2 + 4027*n + 230. What is b(-31)?
323
Let j(w) = 2841*w + 750035. Give j(-264).
11
Let u(v) = 290*v + 10100. Calculate u(-35).
-50
Let k(z) = -3*z**3 - 2*z**2 - 706*z - 5731. Give k(-8).
1325
Let k(h) = 4*h**2 + 8*h - 2091. Calculate k(-24).
21
Let k(v) = v**2 + 12558*v + 62800. Give k(-5).
35
Let w(b) = b**3 + 571*b**2 - 265*b - 151312. Determine w(-571).
3
Let d(s) = 18*s - 1248. Give d(32).
-672
Let n(k) = k**2 - 102626*k + 1026157. What is n(10)?
-3
Let f(o) = -o**3 + 157*o**2 - 88*o + 13704. Give f(157).
-112
Let y(u) = -36*u**2 + 1549*u - 8019. What is y(37)?
10
Let r(t) = -332*t + 5927. Give r(22).
-1377
Let z(u) = 11*u**2 - 321*u + 1240. Determine z(4).
132
Let d(m) = -4274*m + 117568. Calculate d(28).
-2104
Let h(w) = -40*w + 3162. Give h(47).
1282
Let t(s) = 180*s**2 - 64*s - 148. What is t(5)?
4032
Let i(r) = -5715*r + 74328. Calculate i(13).
33
Let m(k) = 307*k**2 + 2431*k - 193. Give m(-8).
7
Let x(s) = -21*s**2 - 34*s + 552. Determine x(-6).
0
Let c(s) = 71114*s + 142230. Give c(-2).
2
Let j(w) = 87*w - 1119. What is j(-6)?
-1641
Let b(r) = -16*r**2 - 863*r - 245. Give b(-54).
-299
Let i(v) = v**3 - 5*v**2 - 9*v - 32. What is i(-8)?
-792
Let d(w) = -w**3 + 53*w**2 - 89*w - 23. Give d(0).
-23
Let s(g) = -1622*g - 6702. Determine s(-4).
-214
Let w(v) = -v**3 - 49*v**2 - 31*v - 4011. Determine w(-50).
39
Let q(n) = 21*n**3 + 58*n**2 + 162*n + 505. Calculate q(-3).
-26
Let c(n) = -4*n**3 - 8*n**2 + 1606*n + 7811. Calculate c(-5).
81
Let s(a) = 2166*a + 60623. Determine s(-28).
-25
Let a(z) = -z**2 - 422*z - 27962. Calculate a(-75).
-1937
Let k(z) = 6619*z - 383893. Give k(58).
9
Let k(u) = -3*u**2 + 42*u + 59. Give k(-9).
-562
Let p(z) = 3*z**3 - 171*z**2 + 240*z - 4022. What is p(56)?
10
Let d(n) = -3*n**2 + 699*n - 3448. Determine d(5).
-28
Let u(b) = -5*b**2 + 13019*b - 194172. Determine u(15).
-12
Let w(z) = -2*z**2 + 48207*z + 1786416. Give w(-37).
19
Let r(m) = -4*m**3 + 37*m**2 - 3021*m + 27100. Calculate r(9).
-8
Let w(u) = -8365*u + 83663. What is w(10)?
13
Let z(f) = f**3 - 58*f**2 - 381*f + 28. What is z(-6)?
10
Let u(z) = 34986*z - 1959229. Determine u(56).
-13
Let l(t) = -5*t**3 - 2*t**2 - 372*t - 1847. Calculate l(-5).
588
Let u(w) = -24*w**2 - 35*w - 2. Determine u(-7).
-933
Let y(r) = 2460*r - 29523. What is y(12)?
-3
Let g(r) = 95*r**2 - 2955*r + 317. Calculate g(31).
7
Let g(l) = 2700*l**2 - 24320*l + 188. Determine g(9).
8
Let b(u) = -62*u + 2620. Give b(42).
16
Let q(x) = x**2 - 434*x + 26341. Calculate q(361).
-12
Let d(y) = -157*y**2 - 1245*y + 93. Calculate d(-8).
5
Let a(k) = -160512*k - 1444602. Determine a(-9).
6
Let s(w) = 3*w**3 - 2*w**2 - 2*w + 40. Calculate s(-5).
-375
Let s(j) = -j**2 + 2835*j + 11330. What is s(-4)?
-26
Let c(k) = 2*k**2 - 2197*k + 52643. Calculate c(1074).
17
Let n(m) = 3631*m + 61620. Give n(-17).
-107
Let h(d) = 192*d + 2285